848551 a composite number?
False
Is 4549757 a composite number?
False
Is 82698277 a prime number?
True
Is 2544379 prime?
False
Is 244956515 a prime number?
False
Is 111553102 prime?
False
Is 1478413 a composite number?
False
Is 56642039 composite?
True
Is 2983639 prime?
True
Is 11943557 composite?
False
Is 500527 a prime number?
True
Is 10669046 prime?
False
Is 3817285 a composite number?
True
Is 2689391 a prime number?
True
Is 315820103 a prime number?
True
Is 12368381 composite?
False
Is 28116697 a prime number?
False
Is 664933 a composite number?
False
Is 7540319 a prime number?
False
Is 1352085389 prime?
True
Is 10029783 a composite number?
True
Is 29312489 a prime number?
False
Is 1760131 a composite number?
False
Is 1806887 a composite number?
False
Is 4443037 prime?
True
Is 204014159 a composite number?
True
Is 1200581 a prime number?
True
Is 34802939 a prime number?
True
Is 21758909 prime?
True
Is 18207923 a prime number?
False
Is 3907949 a prime number?
True
Is 572528161 prime?
True
Is 225647339 a composite number?
False
Is 39038491 a prime number?
True
Is 274487461 prime?
False
Is 1629253 a composite number?
False
Is 5777711 a composite number?
False
Is 1689239 a prime number?
False
Is 13168401 a prime number?
False
Is 143525341 a composite number?
True
Is 1279303807 composite?
True
Is 332615 composite?
True
Is 5135549 a composite number?
True
Is 6275641 prime?
True
Is 661227145 a composite number?
True
Is 168301021 a composite number?
True
Is 8648201 composite?
True
Is 2298559 a prime number?
False
Is 53543561 a composite number?
True
Is 2820833 prime?
True
Is 34896823 a composite number?
True
Is 110527 a prime number?
True
Is 20461349 a composite number?
False
Is 24835219 a composite number?
False
Is 89190281 composite?
False
Is 1198661 composite?
False
Is 6659474 prime?
False
Is 445579 a prime number?
False
Is 410869 composite?
True
Is 31869547 composite?
False
Is 18192679 composite?
False
Is 464573299 composite?
False
Is 108736169 a prime number?
True
Is 83723917 composite?
False
Is 4037069 composite?
False
Is 2481911 prime?
True
Is 10814831 prime?
False
Is 1646101 a composite number?
False
Is 69179689 prime?
False
Is 46159897 a prime number?
False
Is 1707301 composite?
False
Is 1855207 composite?
False
Is 96198689 a prime number?
True
Is 30830671 a composite number?
True
Is 252640109 prime?
False
Is 3823241 a composite number?
False
Is 7142087 prime?
False
Is 223129 prime?
True
Is 12661147 a composite number?
False
Is 396478231 a prime number?
True
Is 10093211 a composite number?
False
Is 18360565 prime?
False
Is 57446411 composite?
True
Is 11650447 a prime number?
True
Is 23529167 prime?
True
Is 681353 composite?
True
Is 398933 a prime number?
True
Is 49731817 a composite number?
True
Is 7279 a composite number?
True
Is 93791039 prime?
True
Is 1861127 prime?
False
Is 5936191 a prime number?
True
Is 29668783 a prime number?
False
Is 3095881 composite?
True
Is 25711 composite?
True
Is 2829457 composite?
True
Is 2280599 composite?
True
Is 114004577 a composite number?
True
Is 4474273 a prime number?
True
Is 70687 prime?
True
Is 242316447 composite?
True
Is 33745037 composite?
True
Is 20904343 prime?
True
Is 2355517 prime?
True
Is 23208517 a prime number?
True
Is 150689147 a prime number?
False
Is 2626907 a prime number?
False
Is 2400665 composite?
True
Is 175009546 prime?
False
Is 106064659 a composite number?
True
Is 208104683 a prime number?
False
Is 136663313 a composite number?
False
Is 522149 composite?
True
Is 4059841 prime?
False
Is 621389 composite?
False
Is 52320613 a prime number?
True
Is 46681997 a prime number?
True
Is 51721961 a prime number?
False
Is 70753 prime?
True
Is 4986287 composite?
True
Is 393477965 a composite number?
True
Is 5609141 a prime number?
True
Is 47859353 a prime number?
False
Is 6549761 prime?
True
Is 260363 composite?
False
Is 5528807 composite?
True
Is 2056111 composite?
False
Is 9294283 prime?
True
Is 8339117 a composite number?
False
Is 12874611 composite?
True
Is 23899991 a composite number?
False
Is 37272233 a prime number?
True
Is 3890977 composite?
True
Is 216062617 a composite number?
False
Is 7009577 a composite number?
False
Is 12376313 a prime number?
True
Is 204490651 prime?
True
Is 7656653 a composite number?
False
Is 123063277 a composite number?
True
Is 4281703 composite?
True
Is 135871 a composite number?
True
Is 10689383 a prime number?
True
Is 8926711 composite?
False
Is 35853079 a composite number?
False
Is 4639301 composite?
True
Is 43739537 a prime number?
False
Is 241169 prime?
True
Is 205917 a composite number?
True
Is 215025823 a composite number?
True
Is 10462451 composite?
False
Is 21331939 a composite number?
True
Is 789801 prime?
False
Is 67331 composite?
True
Is 451980951 a prime number?
False
Is 3823271 prime?
True
Is 141287 a prime number?
False
Is 17813 composite?
True
Is 197078719 prime?
True
Is 334247 composite?
False
Is 19812607 a prime number?
True
Is 38728487 composite?
True
Is 2313889 prime?
True
Is 233385637 prime?
False
Is 2588909 a composite number?
True
Is 198634787 prime?
False
Is 547950023 prime?
True
Is 99233239 a composite number?
True
Is 1564307 composite?
False
Is 101267 a prime number?
True
Is 55678741 composite?
True
Is 25420319 a composite number?
False
Is 27784703 a prime number?
True
Is 3047 prime?
False
Is 352459 composite?
False
Is 52479379 a composite number?
True
Is 6551347 a composite number?
True
Is 10113503 a prime number?
True
Is 457374347 prime?
False
Is 12389963 composite?
False
Is 25882771 a composite number?
False
Is 14319199 composite?
False
Is 113279 prime?
True
Is 54022 a prime number?
False
Is 3307442 a prime number?
False
Is 78988379 prime?
True
Is 8855435 prime?
False
Is 7461931 prime?
False
Is 466367 a composite number?
True
Is 9236369 a prime number?
True
Is 205604353 prime?
True
Is 17761753 a composite number?
True
Is 26582743 a composite number?
True
Is 61109 a composite number?
True
Is 62775205 a prime number?
False
Is 274539869 prime?
True
Is 11141257 composite?
True
Is 6335449 a composite number?
False
Is 103289762 a prime number?
False
Is 45380131 prime?
True
Is 403381 a prime number?
False
Is 42741511 composite?
True
Is 54212451 composite?
True
Is 9772207 a composite number?
True
Is 2258818 a prime number?
False
Is 89825207 composite?
False
Is 3923471 a prime number?
True
Is 5695961 a prime number?
True
Is 44344193 a prime number?
True
Is 1063483 composite?
False
Is 71662727 a composite number?
True
Is 539375687 composite?
True
Is 21744703 composite?
True
Is 6557459 a composite number?
False
Is 18861 a prime number?
False
Is 114357431 prime?
False
Is 7621921 a composite number?
True
Is 1001369 a composite number?
False
Is 8757863 a prime number?
False
Is 459342607 composite?
False
Is 115004531 prime?
False
Is 22132259 prime?
True
Is 6959621 a prime number?
True
Is 28267129 a composite number?
True
Is 973070086 composite?
True
Is 22332857 composite?
True
Is 697787 prime?
True
Is 424211 prime?
False
Is 6147287 composite?
False
Is 17138683 composite?
False
Is 66356323 a prime number?
False
Is 306029671 a prime number?
False
Is 63823 a composite number?
False
Is 12745483 a composite number?
False
Is 41626379 a composite number?
False
Is 11711743 a prime number?
False
Is 37202411 composite?
True
Is 234645377 a prime number?
True
Is 53428021 prime?
True
Is 2659541 prime?
False
Is 5956337 a composite number?
False
Is 2035667 composite?
False
Is 133464817 a composite number?
False
Is 1493249 a prime number?
True
Is 199770339 composite?
True
Is 6432179 composite?
True
Is 274129 composite?
True
Is 203182937 prime?
True
Is 21706283 composite?
True
Is 827677 prime?
True
Is 1277599 composite?
True
Is 3716617 a prime number?
True
Is 524527 a composite number?
True
Is 48812977 a composite number?
False
Is 190771981 prime?
False
Is 464887 a prime number?
False
Is 27134383 prime?
True
Is 13813229 prime?
False
Is 3251333 a prime number?
True
Is 292370747 a composite number?
False
Is 7759567 a composite number?
True
Is 9479611 prime?
False
Is 181399033 composite?
False
Is 63549041 a composite number?
False
Is 17002833 prime?
False
Is 954289033 a composite number?
True
Is 657191839 prime?
False
Is 23892695 a prime number?
False
Is 